40 (base 14) in base 3?
-2002
Convert 103 (base 5) to base 4.
130
a (base 11) to base 13
a
What is 13 (base 9) in base 3?
110
-2 (base 6) to base 3
-2
What is 5 (base 7) in base 3?
12
3003 (base 4) to base 15
d0
What is -20120 (base 3) in base 13?
-108
Convert -1001 (base 3) to base 13.
-22
10 (base 2) to base 14
2
Convert -12 (base 8) to base 5.
-20
2 (base 10) to base 5
2
What is -10a (base 12) in base 8?
-232
73 (base 10) to base 11
67
Convert 2110 (base 4) to base 3.
12111
1 (base 2) to base 13
1
What is 4 (base 5) in base 3?
11
-13 (base 6) to base 3
-100
What is 1 (base 16) in base 11?
1
Convert 2 (base 4) to base 9.
2
Convert -3 (base 13) to base 12.
-3
-1100110 (base 2) to base 14
-74
4 (base 8) to base 12
4
What is 3130 (base 4) in base 10?
220
Convert -15 (base 12) to base 16.
-11
What is 2 (base 16) in base 13?
2
What is -453 (base 7) in base 13?
-150
-9 (base 12) to base 13
-9
What is -1023 (base 5) in base 7?
-255
6 (base 13) to base 14
6
-aa (base 14) to base 9
-176
Convert -122 (base 3) to base 14.
-13
What is 1 (base 2) in base 13?
1
Convert 2 (base 16) to base 13.
2
-1 (base 12) to base 16
-1
Convert 0 (base 14) to base 8.
0
Convert -d4 (base 16) to base 2.
-11010100
-21 (base 6) to base 16
-d
What is -17 (base 12) in base 3?
-201
What is -1 (base 4) in base 9?
-1
Convert 31 (base 9) to base 4.
130
What is 64 (base 14) in base 9?
107
What is -26 (base 7) in base 12?
-18
Convert -101 (base 2) to base 13.
-5
111211 (base 3) to base 13
229
What is 5 (base 9) in base 2?
101
-62 (base 8) to base 15
-35
0 (base 2) to base 8
0
-30 (base 4) to base 7
-15
What is 40 (base 14) in base 16?
38
What is b (base 16) in base 7?
14
-3 (base 8) to base 9
-3
Convert 2 (base 8) to base 16.
2
Convert 7 (base 16) to base 4.
13
Convert aa (base 16) to base 6.
442
What is 5 (base 8) in base 14?
5
0 (base 2) to base 15
0
What is 153 (base 6) in base 14?
4d
What is -2130 (base 4) in base 7?
-312
Convert 15 (base 12) to base 11.
16
What is -25 (base 11) in base 10?
-27
What is 52 (base 7) in base 15?
27
Convert 1034 (base 6) to base 7.
460
-22 (base 15) to base 12
-28
0 (base 9) to base 7
0
Convert -2 (base 8) to base 16.
-2
-10 (base 2) to base 8
-2
Convert -11 (base 6) to base 9.
-7
22 (base 16) to base 13
28
Convert 22 (base 3) to base 6.
12
Convert -22002 (base 3) to base 12.
-162
-3 (base 7) to base 12
-3
What is -21 (base 9) in base 13?
-16
Convert 3 (base 7) to base 8.
3
Convert 3 (base 14) to base 12.
3
Convert cb (base 16) to base 4.
3023
What is -30 (base 7) in base 12?
-19
What is 101022 (base 3) in base 16?
116
2 (base 4) to base 16
2
-10 (base 5) to base 9
-5
Convert -3 (base 5) to base 13.
-3
Convert -9 (base 12) to base 9.
-10
Convert -4 (base 7) to base 8.
-4
What is -11122 (base 3) in base 5?
-1000
-463 (base 9) to base 8
-575
Convert 166 (base 14) to base 5.
2121
4 (base 5) to base 4
10
What is -1 (base 14) in base 12?
-1
-6 (base 7) to base 8
-6
What is -100 (base 5) in base 3?
-221
What is 122 (base 3) in base 8?
21
Convert 10000 (base 2) to base 14.
12
7 (base 11) to base 16
7
2 (base 8) to base 3
2
What is -120 (base 11) in base 2?
-10001111
What is 5 (base 12) in base 6?
5
What is -122 (base 3) in base 6?
-25
What is 140 (base 5) in base 16?
2d
1 (base 6) to base 2
1
What is -186 (base 13) in base 3?
-101100
Convert 5 (base 13) to base 9.
5
What is 5 (base 7) in base 5?
10
Convert -4 (base 16) to base 5.
-4
What is -121 (base 3) in base 15?
-11
Convert 20 (base 12) to base 15.
19
What is 111 (base 2) in base 4?
13
Convert -1 (base 16) to base 15.
-1
-100 (base 4) to base 9
-17
Convert 1012 (base 5) to base 9.
156
11 (base 9) to base 16
a
Convert 224 (base 8) to base 15.
9d
What is -3 (base 14) in base 5?
-3
3 (base 12) to base 4
3
Convert -33 (base 12) to base 16.
-27
What is -11 (base 2) in base 7?
-3
Convert -2 (base 5) to base 9.
-2
What is 1 (base 9) in base 2?
1
-3 (base 15) to base 12
-3
12 (base 3) to base 11
5
What is -141 (base 9) in base 3?
-11101
Convert -2 (base 16) to base 4.
-2
Convert 2 (base 15) to base 8.
2
Convert 71 (base 16) to base 15.
78
1 (base 16) to base 6
1
Convert 28 (base 10) to base 5.
103
What is -27 (base 8) in base 16?
-17
What is -5 (base 10) in base 16?
-5
What is 10 (base 3) in base 12?
3
-40 (base 8) to base 15
-22
Convert 35 (base 9) to base 2.
100000
What is -3200 (base 4) in base 10?
-224
0 (base 4) to base 3
0
What is 100 (base 3) in base 4?
21
Convert 11 (base 3) to base 6.
4
What is -4 (base 14) in base 8?
-4
-5 (base 9) to base 12
-5
-80 (base 11) to base 9
-107
What is -9 (base 15) in base 9?
-10
Convert -226 (base 7) to base 14.
-86
What is -8c (base 13) in base 16?
-74
-14 (base 6) to base 9
-11
-30 (base 15) to base 16
-2d
What is -323 (base 6) in base 3?
-11120
What is -46 (base 8) in base 11?
-35
-2 (base 12) to base 3
-2
Convert 0 (base 4) to base 3.
0
What is 1 (base 8) in base 16?
1
300 (base 4) to base 10
48
212 (base 4) to base 16
26
What is 110 (base 2) in base 13?
6
-1 (base 2) to base 14
-1
What is -7 (base 10) in base 5?
-12
3 (base 5) to base 2
11
What is -6 (base 15) in base 13?
-6
Convert -23 (base 4) to base 11.
-10
Convert -4 (base 5) to base 7.
-4
1 (base 9) to base 7
1
What is -7 (base 9) in base 3?
-21
Convert 17 (base 9) to base 5.
31
-9d (base 15) to base 2
-10010100
Convert -2d (base 16) to base 8.
-55
What is 56 (base 10) in base 4?
320
1 (base 7) to base 14
1
What is 0 (base 10) in base 5?
0
-30 (base 6) to base 5
-33
0 (base 5) to base 14
0
-1 (base 3) to base 4
-1
Convert -10 (base 2) to base 5.
-2
What is -40 (base 7) in base 16?
-1c
3 (base 13) to base 15
3
-1 (base 14) to base 16
-1
-6 (base 7) to base 15
-6
-4 (base 15) to base 4
-10
Convert -5 (base 9) to base 7.
-5
Convert 1 (base 14) to base 13.
1
244 (base 6) to base 13
79
-4 (base 15) to base 11
-4
What is 0 (base 13) in base 15?
0
What is 5b (base 14) in base 15?
56
1a (base 11) to base 3
210
11 (base 3) to base 9
4
5 (base 8) to base 5
10
What is 39 (base 14) in base 3?
1220
What is 103 (base 4) in base 6?
31
Convert -101 (base 4) to base 13.
-14
Convert 8 (base 9) to base 5.
13
Convert 18 (base 9) to base 14.
13
4 (base 13) to base 10
4
Convert c (base 14) to base 5.
22
Convert -3 (base 11) to base 8.
-3
Convert -16 (base 9) to base 12.
-13
Convert 19 (base 11) to base 2.
10100
Convert -10 (base 6) to base 12.
-6
What is 3 (base 9) in base 10?
3
Convert 343 (base 5) to base 11.
8a
What is -21 (base 5) in base 7?
-14
What is -4 (base 14) in base 3?
-11
-11c (base 13) to base 5
-1234
Convert 100101 (base 2) to base 3.
1101
Convert -3 (base 10) to base 8.
-3
Convert -7d (base 16) to base 11.
-104
Convert -4 (base 12) to base 8.
-4
Convert 11 (base 4) to base 10.
5
-102202 (base 3) to base 10
-317
Convert 100 (base 13) to base 6.
441
-f (base 16) to base 7
-21
10 (base 7) to base 12
7
Convert -108 (base 11) to base 12.
-a9
What is -1 (base 3) in base 7?
-1
Convert 31 (base 15) to base 6.
114
What is 30 (base 7) in base 13?
18
What is -133 (base 10) in base 11?
-111
Convert -11 (base 4) to base 9.
-5
-1 (base 2) to base 11
-1
What is 1 (base 4) in base 9?
1
Convert 13 (base 12) to base 16.
f
55 (base 6) to base 4
203
-34 (base 14) to base 8
-56
What is -8 (base 9) in base 14?
-8
Convert -10 (base 4) to base 15.
-4
What is -a (base 12) in base 13?
-a
What is -22 (base 3) in base 4?
-20
What is 61 (base 11) in base 12?
57
What is 3 (base 12) in base 7?
3
-1220 (base 3) to base 2
-110011
313 (base 4) to base 3
2001
-2 (base 10) to base 7
-2
What is -130 (base 6) in base 5?
-204
43 (base 11) to base 15
32
-17 (base 10) to base 2
-10001
10010 (base 2) to base 8
22
10 (base 11) to base 14
b
Convert -21 (base 8) to base 13.
-14
Convert -1121 (base 3) to base 2.
-101011
What is -158 (base 12) in base 16?
-d4
-111 (base 6) to base 16
-2b
Convert 14 (base 11) to base 5.
30
Convert -4 (base 12) to base 2.
-100
-100000 (base 2) to base 10
-32
-13 (base 14) to base 8
-21
208 (base 9) to base 14
c2
What is -29 (base 16) in base 5?
-131
35 (base 8) to base 10
29
-12 (base 13) to base 7
-21
What is -6b (base 15) in base 10?
-101
-41 (base 16) to base 2
-1000001
Convert -1 (base 12) to base 8.
-1
-122 (base 4) to base 10
-26
2b (base 16) to base 6
111
-1b (base 12) to base 3
-212
10 (base 6) to base 10
6
Convert -